n(1). Suppose -2 = z*p - 71. Let f be p - 3/(3/(-2)). Calculate the highest common factor of 5 and f.
5
Let v = 10508 - 10502. Let p = 9 - 2. Let r be p - 1*(3 - 2). What is the highest common factor of r and v?
6
Let f be (-162)/(-297) - 9124/(-11). What is the greatest common divisor of 10 and f?
10
Suppose 4*a - 4*k = 216, 3*a - 4*k - 32 = 135. Let p(m) = 15*m**3 - 1. Let l = 13 - 12. Let j be p(l). Calculate the greatest common divisor of j and a.
7
Let j = -3762 - -3783. Calculate the greatest common divisor of j and 371.
7
Let a be (26/8)/(4/80). Calculate the greatest common divisor of a and 481.
13
Suppose -21*t + 123 = -381. Calculate the highest common divisor of t and 246.
6
Let o(j) = -593*j - 1855. Let g be o(-4). Calculate the highest common factor of g and 176.
11
Suppose 0 = q + 2*n + 1, q + 7*n + 3 = 4*n. Let l be 16/(-12)*q/(-4)*6. Let d = 36 - -18. What is the highest common factor of l and d?
6
Suppose 11*k + 26282 = 35*k - 15214. What is the highest common divisor of k and 117?
13
Let q = 206 + -197. Let j be (290/(-90) - (-2)/q) + 4. What is the greatest common divisor of j and 20?
1
Suppose 3*c - 35 = i - 7, 0 = -c - i + 4. What is the greatest common factor of c and 320?
8
Let m(u) = 13*u + 310. Let f be m(-18). Suppose -3*o - 5*l + 80 = 0, 3*o = 6*o + 4*l - f. Calculate the highest common divisor of 20 and o.
20
Let j be 8/(-32) - 110/8. Let u = -10 - j. Suppose u*b - 2*b - 10 = 0. What is the highest common factor of b and 95?
5
Let u(m) = 461*m**3 - m**2 + 5*m - 4. Let c be u(1). Suppose -386 = -11*i + c. Calculate the greatest common factor of 35 and i.
7
Suppose 4*m - 42 = -3*r, -10*m + 13*m = -2*r + 31. Let c be 6014/279 - (-4)/m. What is the highest common factor of c and 704?
22
Let t(n) = -n**3 - 56*n**2 - 17*n + 205. Let v be t(-56). What is the greatest common factor of 221 and v?
13
Suppose -144 = -5*q - k, 0 = 2*k + 3 - 11. Suppose b - 3*b + q = 0. Let m be ((-4)/(-3))/(3/(-1260)*-5). What is the highest common divisor of b and m?
14
Let j = -14 + 22. Suppose -702 - 418 = -j*l. What is the highest common divisor of l and 14?
14
Suppose -4199*z - t = -4209*z + 162689, -5*t - 81385 = -5*z. What is the highest common divisor of 664 and z?
332
Suppose -899*n = -910*n + 6996. What is the greatest common factor of 742 and n?
106
Suppose -3*p + 16 = 25, -28674 = -4*v - 2*p. Calculate the highest common factor of v and 30.
30
Let b = -311 - -512. What is the greatest common factor of b and 469?
67
Let r be (2 + 0 - (10 - 6)) + -1. Let y be (-1022)/(-1) + r/(-9)*-6. What is the highest common divisor of 60 and y?
60
Suppose 2*o - 460 = -2*c + 366, 6*c - 2484 = -4*o. What is the highest common divisor of 1768 and c?
104
Let b(q) = q**3 - 30*q**2 + 32*q - 957. Let o be b(30). What is the greatest common factor of 9687 and o?
3
Let h(c) = -88*c + 62. Let j be h(14). Let l be ((-2)/(-4))/((-5)/j). What is the highest common factor of 156 and l?
39
Let q = 7216 - 5242. Calculate the greatest common divisor of q and 84.
42
Let a(d) = -10*d**2 + d - 6. Let q(i) = i. Let h(z) = -a(z) + 4*q(z). Let x be h(-2). Let l be 10/3*(-9)/(-3). What is the greatest common factor of l and x?
10
Suppose -72*r + 58*r = -1302. Suppose -60*y = -r*y + 792. Suppose -3*x + 4*x = 264. Calculate the greatest common divisor of y and x.
24
Suppose -3*a = -4*z - 25, -2*a = 7*z - 8*z - 10. Let i be a - (-33)/(-22) - 970/(-4). What is the highest common divisor of 183 and i?
61
Let d(f) = -33*f**3 + f**2 + f - 2. Let o be d(-2). Let v = -52851 + 53049. What is the highest common divisor of o and v?
66
Suppose 83*b + 1190 = 90*b. Let l = b + -132. What is the greatest common divisor of l and 418?
38
Let s be 1*(-8)/6*-6. Let u(h) = 6*h + 40. Let x be (-2)/7 - 14/(-49). Let c be u(x). What is the highest common factor of s and c?
8
Let m = 31 - -17. Let v be ((-1)/(-8))/(6/m). Suppose -v = -4*u + 15. Calculate the highest common factor of 4 and u.
4
Suppose 0 = 2*h + 6*s - 2*s, 0 = 2*h - 5*s - 36. Suppose -13*g + 178 = -12*g. Let j = 314 - g. Calculate the highest common divisor of h and j.
8
Suppose 365*u + 190*u = 79365. What is the highest common factor of u and 1397?
11
Suppose -144*f + 34669 - 6616 = -14139. Calculate the greatest common factor of f and 4.
1
Let z(q) = -q**2 + 28*q - 129. Let f be z(21). Suppose -5*o - 2*x + 88 = 0, 4*x + x + 5 = 0. Calculate the highest common divisor of o and f.
18
Suppose 539577 = 12*g - 3*l, -5*g + 3*g + 89934 = 4*l. What is the greatest common divisor of 85 and g?
85
Let t be ((-99)/27 - -5)/(4/27). Calculate the highest common divisor of t and 3576.
3
Let s = -10501 + 10644. What is the greatest common factor of 24739 and s?
143
Let k(c) = -c + 48. Let o be k(20). Let z be (-54)/((12/3)/(-4)). Let q = z + 198. What is the greatest common divisor of q and o?
28
Suppose -3*z + 18 = -2*z. Let r = z - 6. Let t be (-2115)/(-360) - (1 + (-18)/16). What is the highest common divisor of t and r?
6
Suppose 2*y + 4*z + 0 = 18, z = -5*y + 18. Let s be (((-60)/(-25))/y)/((-4)/(-270)). Suppose -2*k = -8*k + s. What is the highest common factor of k and 63?
9
Suppose 121*i = 106*i + 15480. What is the greatest common factor of 24 and i?
24
Let q(c) = -14*c - 28. Let r be q(-5). Suppose 0 = -5*d + t - 4*t + 43, 5*d = -2*t + r. What is the greatest common factor of d and 2?
2
Suppose -w - 348 = -8*q + 3*q, 4*q = -w + 282. Let x = 73 - q. Suppose 2*c + 62 = 2*t, c + 103 = x*t - 0*c. What is the greatest common divisor of 60 and t?
12
Let r = -23 - -27. Let o be ((-12)/(-9))/(r/102). Let z be 4/2*(-34)/(-6 - -5). What is the greatest common factor of z and o?
34
Suppose 4*r = 4*d - 168, -d + 22 = 19*r - 15*r. Let v be 10/(-25) + 584/10. Let n = v - 39. What is the greatest common divisor of n and d?
19
Let p be (-113)/5 - (-66)/110. Let u = -21 - p. Let k(z) = 14*z**2 - 2*z + 2. Let x be k(u). What is the greatest common factor of x and 56?
14
Let p(m) = -m**3 + 19*m**2 + 42*m + 2. Let u be p(21). Suppose 3*c - 77 = u*i, -40*c - i + 24 = -39*c. What is the greatest common factor of c and 225?
25
Suppose 278 = 3*w + 4*r - 176, 3*w - 4*r - 470 = 0. Suppose 2*q - 48 = -4*d, -3*d + 3*q + 61 - 7 = 0. Calculate the highest common factor of d and w.
14
Let t(d) = -2*d**3 + 7*d**2 - 244*d - 726. Let x be t(-3). Let h(m) = -m - 8. Let p be h(-11). Calculate the greatest common factor of p and x.
3
Suppose 8*m - 264 = 6*m. Let l = 22 + -17. Suppose -l = 4*d - 53. Calculate the highest common divisor of m and d.
12
Let u = -16791 - -17068. Calculate the highest common divisor of u and 7.
1
Suppose 3*l = -5*v + 221, 5*l - 2*v - 292 = 97. Suppose 196 = -4*x - s - l, -283 = 4*x + 3*s. Let r = x + 76. What is the highest common factor of 99 and r?
9
Suppose 10*w + 51*w - 1970 = -136*w. Calculate the greatest common factor of w and 23610.
10
Let o(v) = 5*v**2 - v + 34. Let a be o(-8). Suppose a = 5*i + 337. What is the greatest common divisor of i and 20?
5
Let l be 2/((8/28)/(3/7)). Suppose -6*v + g = -l*v - 490, 0 = -3*v + 4*g + 502. What is the greatest common divisor of 36 and v?
18
Let c = 3437 + -3418. What is the highest common divisor of 2375 and c?
19
Suppose 4*d + 107 + 1691 = 6*v, d + 898 = 3*v. What is the highest common factor of v and 506?
23
Let w be ((-3)/(-9))/(55/(-30) - -2). Suppose w*m - 62 = -4*s, m = s - 0*m - 14. Suppose 8*p = s*p - 42. What is the highest common factor of p and 66?
6
Suppose 18*l = 341 - 6587. Let t = 367 + l. What is the greatest common factor of 320 and t?
20
Suppose -c + 17 = 8. Suppose -d + c = x, -2*d = -x - 0 - 6. Suppose 5*f - 1 = -u, 125 = 2*u + 3*u - d*f. Calculate the greatest common divisor of 336 and u.
21
Suppose 0 = -v + 1, 3*v - 935 = 5*r - 7572. Suppose -4*o - r = -3*h, 0 = o + 3*h + 307 + 10. Let p = -41 - o. What is the greatest common factor of 32 and p?
32
Suppose 68909 = 45*x - 8716. What is the greatest common factor of x and 525?
75
Suppose -7*y + 140 = -2*y. Suppose 7020 = -39*p - 0*p. Let b = p + 488. What is the greatest common divisor of b and y?
28
Suppose -76*t + 1485 = -43*t. What is the greatest common divisor of 3123 and t?
9
Let c = -3928 - -14098. Calculate the greatest common divisor of 90 and c.
90
Suppose 27*g - 2969 + 215 = 0. Let z be (153/g)/((-6)/(-8)). W